.
2, 2053
Let x(h) = h**3 + 4*h**2 + h - 3. Let q be x(-3). Suppose -j - 4*i = -102, -j + q*i = -3*j + 189. Let g = j + -43. List the prime factors of g.
47
Let i = 46 + -39. Let t be (-3)/i + (-918)/63. Let f = t - -17. List the prime factors of f.
2
Let w(z) = 9*z + 2. Suppose -2*d = -2*f + 24, 0*f + f = 4. Let g be -5 - d - (1 - 1). What are the prime factors of w(g)?
29
Let h(f) = 300*f**2 - 4*f + 155. What are the prime factors of h(8)?
3, 19, 113
Let m be 32*7*4/8. Let d = 264 - m. What are the prime factors of d?
2, 19
Suppose -2 = -2*g, -4*w - 3*g + 7704 = -54315. Suppose 6*r = -11*r + w. What are the prime factors of r?
2, 3, 19
Suppose -123*z - 124*z = -28*z - 1199025. What are the prime factors of z?
3, 5, 73
Let a = 79 + -139. Let n = -56 - a. Suppose 2*r = -5*w + 75, -6*w - r = -n*w - 29. List the prime factors of w.
17
Let q be 30/(-2) + (-24)/(-8). What are the prime factors of q/42 + 0 + (-10884)/(-21)?
2, 7, 37
Let y(p) = -682*p + 3150. Let v be y(5). Suppose 0 = -d - 3*d + 4*a - 496, 2*d + a = -260. Let c = d - v. What are the prime factors of c?
2, 3, 11
Suppose 21336 = 4*y + 20*y. Let k = y + -737. What are the prime factors of k?
2, 19
Let j(i) = 26*i + 12. Let c be j(5). Suppose 0 = -2*u + c + 218. Suppose -r + u = 3*p, 533 = 3*r + 4*p - 2*p. What are the prime factors of r?
3, 59
What are the prime factors of 4290 + 5 + 31 - (1 - 6)?
61, 71
Let d(g) = -10*g**2 + 60*g - 11. Let v be d(6). What are the prime factors of v/((-165)/(-320))*-3?
2
Let s be ((-3)/(-2))/((-18)/(-816)). Suppose 3*g = 1177 + s. What are the prime factors of g?
5, 83
Let g be 1 - 330/24 - 3/(-4). What are the prime factors of 2 + (-7 - g) + 670?
677
Let n = -25117 - -44361. List the prime factors of n.
2, 17, 283
Suppose -3*c + 8 = -7, -150 = -2*s + 4*c. Suppose 905 = 10*i + 1045. Let j = s + i. List the prime factors of j.
71
Suppose -14 = 5*z + 6, 0 = 4*f + 2*z - 108. Let w = f - -22. Let y = -6 + w. What are the prime factors of y?
3, 5
Let x(w) = -1901*w - 1903. List the prime factors of x(-10).
17107
Suppose -63*y + 19288500 = 462*y. What are the prime factors of y?
2, 5, 11, 167
Suppose -4*y = -4971 - 10953. Suppose y + 2219 = 10*p. List the prime factors of p.
2, 5, 31
Let f = 2477 - 833. What are the prime factors of (f + 60)*((-10)/(-6) + -1)?
2, 71
Let a(r) = -r**2 - 11*r - 13. Let d be a(-10). Suppose -5*w + 4 = -16. What are the prime factors of w + d + 1 - -4?
2, 3
Let m = -23940 + 42681. List the prime factors of m.
3, 6247
Let b(w) = 69*w**2 + 21*w - 59. Let c(h) = 138*h**2 + 41*h - 120. Let a(p) = -5*b(p) + 3*c(p). What are the prime factors of a(4)?
11, 101
Let w(i) = -2*i**2 - 24*i + 17. Let c be w(-16). Let s = -111 - c. Suppose -3*u + 2*b + 60 = s, 5 = 5*b + 20. List the prime factors of u.
2, 3
Let t(g) = 541*g**2 + 27*g + 19. List the prime factors of t(5).
13679
Suppose 1458 = -0*h - 18*h. List the prime factors of (5 - (h + 2)) + -7.
7, 11
Let u = 195 - 190. Suppose -2*f + 2*y = -7*f + 3000, -3*f = u*y - 1819. List the prime factors of f.
2, 13, 23
Let y(v) = -v**3 + 11*v**2 + 3*v - 2. Let r(i) = i**3 - 2*i**2 - 2*i - 6. Let t be r(5). Let z = 69 - t. What are the prime factors of y(z)?
2
Let z(m) = 22*m + 376. Let c be z(-17). Let h = 515 - 185. Suppose -c*t - 3*k = -132, 4*t + 3*k = 9*t - h. List the prime factors of t.
2, 3, 11
Let h be (2/(-5))/(7/(-315)). List the prime factors of 3/18 - (0 - 6639/h).
3, 41
Let c(t) = -11*t**2 - 3*t + 16. Let q(h) = h**2 + h. Let r(m) = -c(m) + 3*q(m). List the prime factors of r(5).
2, 7, 13
Let p(t) be the first derivative of 5*t**4/4 - 5*t**3/3 - 3*t**2/2 + 21*t - 1. What are the prime factors of p(5)?
2, 11, 23
Suppose 3096*m - 3123*m = -210546. List the prime factors of m.
2, 7, 557
List the prime factors of ((-1)/(-2))/((-7353486)/(-319716) + -23).
83, 107
Let p(m) = -1027*m - 1215. List the prime factors of p(-32).
31649
Let v(p) be the third derivative of 1/8*p**4 + 0*p + 1/15*p**5 + 5/3*p**3 + 11*p**2 + 0. What are the prime factors of v(-5)?
5, 19
Let a(k) = -k + 14. Let i be a(-10). List the prime factors of (-168)/i - 1860/(-3).
613
Let i(g) be the third derivative of 13*g**5/60 - 7*g**4/8 + 14*g**3/3 + 149*g**2. What are the prime factors of i(11)?
2, 5, 137
Let m = -3276 - -3201. Let j be (-65 - (3 + -1))*3. Let x = m - j. List the prime factors of x.
2, 3, 7
Let i(x) = x**2 + 5*x - 13*x + 11 + x - 2*x**2. Let b be i(-8). Suppose -4*v = 2*l - 2, -b*v + v = 5*l - 21. List the prime factors of l.
5
What are the prime factors of 2693 - 17/(68/40)?
2683
Suppose 2*w - 1 = -4*s - 3*w, 4*s + 29 = w. Let u be s/5*(-1)/(6/15). Suppose u*a - k - 346 = 0, 2*k = -2*a + 227 - 7. What are the prime factors of a?
2, 3, 19
Suppose 0 = -2*d - m + 931, 35*m - 38*m + 473 = d. Let c = d + 113. List the prime factors of c.
577
Let o = 50 + -46. Suppose 5*c = 0, -5*v - o*c + 0*c = -740. List the prime factors of v.
2, 37
Suppose -19*h + 26 = -6*h. Suppose 4*k - 28 = 2*u, -h*u - 23 = -k - 2*k. Suppose -3*v = 3*n + v - 331, -k*n + 2*v = -543. What are the prime factors of n?
109
Let v = -986 - -1614. Suppose 3*b + v = 5*h, 0 = 7*h - 2*h - 4*b - 624. List the prime factors of h.
2
Suppose 3940 = 24*f - 14*f. Let b = f + -76. What are the prime factors of b?
2, 3, 53
Let d = -20700 + 30322. What are the prime factors of d?
2, 17, 283
Let g(u) = 5375*u + 38. Let b be g(-11). List the prime factors of (-2)/(-10) - b/115.
2, 257
Let k be ((-20)/(-15))/(2/6). Suppose -62 + 26 = k*c. List the prime factors of (-1 - 224/(-3)) + 6/c.
73
Let h(i) = 95*i - 171. Let a be h(6). Let o = 1959 - a. List the prime factors of o.
2, 3, 5, 13
Suppose -134*k + 4414 + 4781 = 217. List the prime factors of k.
67
Let y = 2212 - 1392. What are the prime factors of y?
2, 5, 41
Let g(d) = -6*d - 35. Let c(y) = 7*y + 34. Let b(t) = -7*c(t) - 6*g(t). Let j be b(-7). Suppose -j*l + 69*l = 1500. List the prime factors of l.
2, 5
Let d = 86347 - 32487. What are the prime factors of d?
2, 5, 2693
Suppose -5462 = -3*b + 1498. Suppose 9*o - o = b. What are the prime factors of o?
2, 5, 29
Let c = -10223 - -17882. What are the prime factors of c?
3, 23, 37
Suppose -3*f + 2817 = 4*s, 73*f - 1871 = 71*f - 5*s. Suppose 949*r = f*r + 5250. List the prime factors of r.
5, 7
Let d(a) be the first derivative of a**2/2 - 2*a + 111. List the prime factors of d(6).
2
Let m be 28/(-21) + (-2)/(-6). List the prime factors of (-10 + (-1088)/(-119))/(m/602).
2, 3, 43
List the prime factors of (42 + 526769/(-111))*(-5 + -1).
2, 103, 137
Let n = 3150 - -521. What are the prime factors of n?
3671
Let d(p) = p**3 + 81*p**2 + 17*p - 268. What are the prime factors of d(-66)?
2, 5, 1279
Let a be (16/24*-1761)/(-2). Let z = a + -231. List the prime factors of z.
2, 89
Suppose 5*p - 2*b + 10 + 33 = 0, -2*p - 3*b = 21. Let j(c) = c**3 + 12*c**2 + 11*c + 29. List the prime factors of j(p).
173
Let g = -6366 + 9647. Suppose 5*x - g = -3*z, 3279 = 3*z + 5*x - 2*x. What are the prime factors of z?
2, 3, 7, 13
Let a be 2/2*(-28 - -28). Suppose 4*v = r - a*v - 434, -1736 = -4*r + 2*v. List the prime factors of r.
2, 7, 31
Let v be (290/(-6))/(1/(-3)). Suppose -8*n - 44*n = -27*n - 6025. Let h = n - v. What are the prime factors of h?
2, 3
List the prime factors of (-96)/16 - -17 - -22952.
22963
Suppose 8901888 = -4*w + 20*w. List the prime factors of w/469 - (-4)/(-14).
2, 593
Suppose 94*r + 12 = 98*r. Suppose 3*w - 4*k = 2512, -34 = r*w - k - 2534. What are the prime factors of w?
2, 13
List the prime factors of (1 + -3)*-2*((-1041225)/(-100) + -15).
3, 4621
Suppose -4 = 4*q - 6*q, -4*z + q + 6 = 0. Let d be 11312/(-24) - z/3. Let t = -274 - d. List the prime factors of t.
2, 3, 11
Let l = -80 + 159. Let w = 82 - l. Suppose 3*z + 0*z - 78 = 3*h, 86 = w*z + h. List the prime factors of z.
2, 7
Suppose 3*z + 66 = -9. Let t = 30 + z. Suppose 2*u - 12 = 5*u, -4*b + 152 = -t*u. List the prime factors of b.
3, 11
Let y(m) = -11*m**2 - m + 53. Let p be y(-7). Let t = -338 - p. List the prime factors of t.
3, 47
Let g = 11522 + -4531. What are the prime factors of g?
6991
Suppose 10959 - 145734 = -75*a. List the prime factors of a.
3, 599
Let y(f) = 3280*f**2 + 43*f + 51. What are the prime factors of y(-3)?
2, 3, 7, 701
Suppose -592*i = -597*i + 15. Suppose -40*